{"id":1877,"date":"2020-07-02T22:46:36","date_gmt":"2020-07-02T20:46:36","guid":{"rendered":"https:\/\/clean-protec.eu\/?post_type=product&#038;p=1877"},"modified":"2022-02-21T13:56:11","modified_gmt":"2022-02-21T12:56:11","slug":"gel-hydroalcoolique-desinfectant-cleantal100ml","status":"publish","type":"product","link":"https:\/\/www.clean-protec.eu\/index.php\/produit\/gel-hydroalcoolique-desinfectant-cleantal100ml\/","title":{"rendered":"Gel hydroalcoolique d\u00e9sinfectant CLEANTAL 100ml"},"content":{"rendered":"<ul>\n<li><strong>Recommand\u00e9<\/strong> par l&rsquo;<strong>Organisation Mondial de la Sant\u00e9<\/strong>\u00a0pour l&rsquo;antisepsie des mains.<\/li>\n<li>Le gel est parfait pour d\u00e9sinfecter vos mains en toute circonstance <span style=\"display: inline !important; float: none; background-color: #ffffff; color: #333333; cursor: text; font-family: Georgia,'Times New Roman','Bitstream Charter',Times,serif; font-size: 16px; font-style: normal; font-variant: normal; font-weight: 400; letter-spacing: normal; orphans: 2; text-align: left; text-decoration: none; text-indent: 0px; text-transform: none; -webkit-text-stroke-width: 0px; white-space: normal; word-spacing: 0px;\">de mani\u00e8re rapide et efficace.<\/span><\/li>\n<li>Apr\u00e8s application dans le creux de la main, il est n\u00e9cessaire de se frictionner les mains et les poign\u00e9es jusqu&rsquo;\u00e0 \u00e9vaporation totale du gel.<\/li>\n<li>Ce gel doit \u00eatre utilise sur des mains propres et s\u00e8ches pour un maximum d&rsquo;efficacit\u00e9.<\/li>\n<li>Pratique, il n&rsquo;est pas n\u00e9cessaire de se rincer ni d&rsquo;essuyer les mains !<\/li>\n<li>Recueillir une dose (3ml) dans le creux de la main et se frictionner les mains et les poignets jusqu\u2019\u00e0 \u00e9vaporation compl\u00e8te du produit.<\/li>\n<li>Ne n\u00e9cessite aucun rin\u00e7age, ni essuyage.<\/li>\n<li>\u00a0respecter les pr\u00e9cautions d\u2019emploi.<\/li>\n<li>Formule sans parfum et sans colorants.<\/li>\n<li><strong>Produit irritant pour les yeux.<\/strong><\/li>\n<li><strong>Fabriqu<span style=\"text-align: left; color: #333333; text-transform: none; text-indent: 0px; letter-spacing: normal; font-family: Georgia,'Times New Roman','Bitstream Charter',Times,serif; font-size: 16px; font-style: normal; font-variant: normal; text-decoration: none; word-spacing: 0px; display: inline !important; white-space: normal; cursor: text; orphans: 2; float: none; -webkit-text-stroke-width: 0px; background-color: #ffffff;\">\u00e9<\/span> en France.<\/strong><\/li>\n<\/ul>\n","protected":false},"excerpt":{"rendered":"<ul>\n<li>Formul\u00e9 avec 70% d&rsquo;ethanol minimum<\/li>\n<li>\u00e9limine 99,9% des bact\u00e9ries et virus<\/li>\n<li>Aucun rin\u00e7age ni essuyage<\/li>\n<li>Fabrication Fran\u00e7aise<\/li>\n<li>Version 100 ml<\/li>\n<\/ul>\n","protected":false},"featured_media":1879,"comment_status":"open","ping_status":"closed","template":"","meta":[],"product_cat":[199],"product_tag":[],"yoast_head":"<!-- This site is optimized with the Yoast SEO plugin v21.1 - https:\/\/yoast.com\/wordpress\/plugins\/seo\/ -->\n<title>Gel hydroalcoolique d\u00e9sinfectant CLEANTAL 100ml &ndash; CLEAN PROTEC<\/title>\n<meta name=\"description\" content=\"Fabriqu\u00e9 en France, ce gel hydroalcoolique est parfait pour d\u00e9sinfecter vos mains de mani\u00e8re rapide et efficace en toute circonstance.\" \/>\n<meta name=\"robots\" content=\"index, follow, max-snippet:-1, max-image-preview:large, max-video-preview:-1\" \/>\n<link rel=\"canonical\" href=\"https:\/\/www.clean-protec.eu\/index.php\/produit\/gel-hydroalcoolique-desinfectant-cleantal100ml\/\" \/>\n<meta property=\"og:locale\" content=\"fr_FR\" \/>\n<meta property=\"og:type\" content=\"article\" \/>\n<meta property=\"og:title\" content=\"Gel hydroalcoolique d\u00e9sinfectant CLEANTAL 100ml &ndash; CLEAN PROTEC\" \/>\n<meta property=\"og:description\" content=\"Fabriqu\u00e9 en France, ce gel hydroalcoolique est parfait pour d\u00e9sinfecter vos mains de mani\u00e8re rapide et efficace en toute circonstance.\" \/>\n<meta property=\"og:url\" content=\"https:\/\/www.clean-protec.eu\/index.php\/produit\/gel-hydroalcoolique-desinfectant-cleantal100ml\/\" \/>\n<meta property=\"og:site_name\" content=\"CLEAN PROTEC\" \/>\n<meta property=\"article:publisher\" content=\"https:\/\/www.facebook.com\/114202367035261\/posts\/128364112285753\/?d=n&amp;amp%3bamp%3bamp%3bamp%3bamp%3bamp%3bamp%3bamp%3bamp%3bamp%3bsubstory_index=2\" \/>\n<meta property=\"article:modified_time\" content=\"2022-02-21T12:56:11+00:00\" \/>\n<meta property=\"og:image\" content=\"https:\/\/www.clean-protec.eu\/wp-content\/uploads\/2020\/07\/GelHydroalcoolique-300x300-1.png\" \/>\n\t<meta property=\"og:image:width\" content=\"300\" \/>\n\t<meta property=\"og:image:height\" content=\"300\" \/>\n\t<meta property=\"og:image:type\" content=\"image\/png\" \/>\n<meta name=\"twitter:card\" content=\"summary_large_image\" \/>\n<meta name=\"twitter:label1\" content=\"Dur\u00e9e de lecture estim\u00e9e\" \/>\n\t<meta name=\"twitter:data1\" content=\"1 minute\" \/>\n<script type=\"application\/ld+json\" class=\"yoast-schema-graph\">{\"@context\":\"https:\/\/schema.org\",\"@graph\":[{\"@type\":\"WebPage\",\"@id\":\"https:\/\/www.clean-protec.eu\/index.php\/produit\/gel-hydroalcoolique-desinfectant-cleantal100ml\/\",\"url\":\"https:\/\/www.clean-protec.eu\/index.php\/produit\/gel-hydroalcoolique-desinfectant-cleantal100ml\/\",\"name\":\"Gel hydroalcoolique d\u00e9sinfectant CLEANTAL 100ml &ndash; CLEAN PROTEC\",\"isPartOf\":{\"@id\":\"https:\/\/www.clean-protec.eu\/#website\"},\"datePublished\":\"2020-07-02T20:46:36+00:00\",\"dateModified\":\"2022-02-21T12:56:11+00:00\",\"description\":\"Fabriqu\u00e9 en France, ce gel hydroalcoolique est parfait pour d\u00e9sinfecter vos mains de mani\u00e8re rapide et efficace en toute circonstance.\",\"breadcrumb\":{\"@id\":\"https:\/\/www.clean-protec.eu\/index.php\/produit\/gel-hydroalcoolique-desinfectant-cleantal100ml\/#breadcrumb\"},\"inLanguage\":\"fr-FR\",\"potentialAction\":[{\"@type\":\"ReadAction\",\"target\":[\"https:\/\/www.clean-protec.eu\/index.php\/produit\/gel-hydroalcoolique-desinfectant-cleantal100ml\/\"]}]},{\"@type\":\"BreadcrumbList\",\"@id\":\"https:\/\/www.clean-protec.eu\/index.php\/produit\/gel-hydroalcoolique-desinfectant-cleantal100ml\/#breadcrumb\",\"itemListElement\":[{\"@type\":\"ListItem\",\"position\":1,\"name\":\"Accueil\",\"item\":\"https:\/\/www.clean-protec.eu\/\"},{\"@type\":\"ListItem\",\"position\":2,\"name\":\"Boutique Medical\",\"item\":\"https:\/\/www.clean-protec.eu\/index.php\/shop-2\/\"},{\"@type\":\"ListItem\",\"position\":3,\"name\":\"Gel hydroalcoolique d\u00e9sinfectant CLEANTAL 100ml\"}]},{\"@type\":\"WebSite\",\"@id\":\"https:\/\/www.clean-protec.eu\/#website\",\"url\":\"https:\/\/www.clean-protec.eu\/\",\"name\":\"Clean Protec\",\"description\":\"CLEAN PROTEC est sp\u00e9cialis\u00e9 dans la vente d&#039;\u00e9quipements de protections individuelles et de m\u00e9dicaux en France\",\"publisher\":{\"@id\":\"https:\/\/www.clean-protec.eu\/#organization\"},\"potentialAction\":[{\"@type\":\"SearchAction\",\"target\":{\"@type\":\"EntryPoint\",\"urlTemplate\":\"https:\/\/www.clean-protec.eu\/?s={search_term_string}\"},\"query-input\":\"required name=search_term_string\"}],\"inLanguage\":\"fr-FR\"},{\"@type\":\"Organization\",\"@id\":\"https:\/\/www.clean-protec.eu\/#organization\",\"name\":\"Clean Protec\",\"url\":\"https:\/\/www.clean-protec.eu\/\",\"logo\":{\"@type\":\"ImageObject\",\"inLanguage\":\"fr-FR\",\"@id\":\"https:\/\/www.clean-protec.eu\/#\/schema\/logo\/image\/\",\"url\":\"https:\/\/www.clean-protec.eu\/wp-content\/uploads\/2020\/05\/logo_clean_protec1.png\",\"contentUrl\":\"https:\/\/www.clean-protec.eu\/wp-content\/uploads\/2020\/05\/logo_clean_protec1.png\",\"width\":354,\"height\":275,\"caption\":\"Clean Protec\"},\"image\":{\"@id\":\"https:\/\/www.clean-protec.eu\/#\/schema\/logo\/image\/\"},\"sameAs\":[\"https:\/\/www.facebook.com\/114202367035261\/posts\/128364112285753\/?d=n&amp;amp;amp;amp;amp;amp;amp;amp;amp;amp;substory_index=2\"]}]}<\/script>\n<!-- \/ Yoast SEO plugin. -->","yoast_head_json":{"title":"Gel hydroalcoolique d\u00e9sinfectant CLEANTAL 100ml &ndash; CLEAN PROTEC","description":"Fabriqu\u00e9 en France, ce gel hydroalcoolique est parfait pour d\u00e9sinfecter vos mains de mani\u00e8re rapide et efficace en toute circonstance.","robots":{"index":"index","follow":"follow","max-snippet":"max-snippet:-1","max-image-preview":"max-image-preview:large","max-video-preview":"max-video-preview:-1"},"canonical":"https:\/\/www.clean-protec.eu\/index.php\/produit\/gel-hydroalcoolique-desinfectant-cleantal100ml\/","og_locale":"fr_FR","og_type":"article","og_title":"Gel hydroalcoolique d\u00e9sinfectant CLEANTAL 100ml &ndash; CLEAN PROTEC","og_description":"Fabriqu\u00e9 en France, ce gel hydroalcoolique est parfait pour d\u00e9sinfecter vos mains de mani\u00e8re rapide et efficace en toute circonstance.","og_url":"https:\/\/www.clean-protec.eu\/index.php\/produit\/gel-hydroalcoolique-desinfectant-cleantal100ml\/","og_site_name":"CLEAN PROTEC","article_publisher":"https:\/\/www.facebook.com\/114202367035261\/posts\/128364112285753\/?d=n&amp%3bamp%3bamp%3bamp%3bamp%3bamp%3bamp%3bamp%3bamp%3bamp%3bsubstory_index=2","article_modified_time":"2022-02-21T12:56:11+00:00","og_image":[{"width":300,"height":300,"url":"https:\/\/www.clean-protec.eu\/wp-content\/uploads\/2020\/07\/GelHydroalcoolique-300x300-1.png","type":"image\/png"}],"twitter_card":"summary_large_image","twitter_misc":{"Dur\u00e9e de lecture estim\u00e9e":"1 minute"},"schema":{"@context":"https:\/\/schema.org","@graph":[{"@type":"WebPage","@id":"https:\/\/www.clean-protec.eu\/index.php\/produit\/gel-hydroalcoolique-desinfectant-cleantal100ml\/","url":"https:\/\/www.clean-protec.eu\/index.php\/produit\/gel-hydroalcoolique-desinfectant-cleantal100ml\/","name":"Gel hydroalcoolique d\u00e9sinfectant CLEANTAL 100ml &ndash; CLEAN PROTEC","isPartOf":{"@id":"https:\/\/www.clean-protec.eu\/#website"},"datePublished":"2020-07-02T20:46:36+00:00","dateModified":"2022-02-21T12:56:11+00:00","description":"Fabriqu\u00e9 en France, ce gel hydroalcoolique est parfait pour d\u00e9sinfecter vos mains de mani\u00e8re rapide et efficace en toute circonstance.","breadcrumb":{"@id":"https:\/\/www.clean-protec.eu\/index.php\/produit\/gel-hydroalcoolique-desinfectant-cleantal100ml\/#breadcrumb"},"inLanguage":"fr-FR","potentialAction":[{"@type":"ReadAction","target":["https:\/\/www.clean-protec.eu\/index.php\/produit\/gel-hydroalcoolique-desinfectant-cleantal100ml\/"]}]},{"@type":"BreadcrumbList","@id":"https:\/\/www.clean-protec.eu\/index.php\/produit\/gel-hydroalcoolique-desinfectant-cleantal100ml\/#breadcrumb","itemListElement":[{"@type":"ListItem","position":1,"name":"Accueil","item":"https:\/\/www.clean-protec.eu\/"},{"@type":"ListItem","position":2,"name":"Boutique Medical","item":"https:\/\/www.clean-protec.eu\/index.php\/shop-2\/"},{"@type":"ListItem","position":3,"name":"Gel hydroalcoolique d\u00e9sinfectant CLEANTAL 100ml"}]},{"@type":"WebSite","@id":"https:\/\/www.clean-protec.eu\/#website","url":"https:\/\/www.clean-protec.eu\/","name":"Clean Protec","description":"CLEAN PROTEC est sp\u00e9cialis\u00e9 dans la vente d&#039;\u00e9quipements de protections individuelles et de m\u00e9dicaux en France","publisher":{"@id":"https:\/\/www.clean-protec.eu\/#organization"},"potentialAction":[{"@type":"SearchAction","target":{"@type":"EntryPoint","urlTemplate":"https:\/\/www.clean-protec.eu\/?s={search_term_string}"},"query-input":"required name=search_term_string"}],"inLanguage":"fr-FR"},{"@type":"Organization","@id":"https:\/\/www.clean-protec.eu\/#organization","name":"Clean Protec","url":"https:\/\/www.clean-protec.eu\/","logo":{"@type":"ImageObject","inLanguage":"fr-FR","@id":"https:\/\/www.clean-protec.eu\/#\/schema\/logo\/image\/","url":"https:\/\/www.clean-protec.eu\/wp-content\/uploads\/2020\/05\/logo_clean_protec1.png","contentUrl":"https:\/\/www.clean-protec.eu\/wp-content\/uploads\/2020\/05\/logo_clean_protec1.png","width":354,"height":275,"caption":"Clean Protec"},"image":{"@id":"https:\/\/www.clean-protec.eu\/#\/schema\/logo\/image\/"},"sameAs":["https:\/\/www.facebook.com\/114202367035261\/posts\/128364112285753\/?d=n&amp;amp;amp;amp;amp;amp;amp;amp;amp;amp;substory_index=2"]}]}},"_links":{"self":[{"href":"https:\/\/www.clean-protec.eu\/index.php\/wp-json\/wp\/v2\/product\/1877"}],"collection":[{"href":"https:\/\/www.clean-protec.eu\/index.php\/wp-json\/wp\/v2\/product"}],"about":[{"href":"https:\/\/www.clean-protec.eu\/index.php\/wp-json\/wp\/v2\/types\/product"}],"replies":[{"embeddable":true,"href":"https:\/\/www.clean-protec.eu\/index.php\/wp-json\/wp\/v2\/comments?post=1877"}],"wp:featuredmedia":[{"embeddable":true,"href":"https:\/\/www.clean-protec.eu\/index.php\/wp-json\/wp\/v2\/media\/1879"}],"wp:attachment":[{"href":"https:\/\/www.clean-protec.eu\/index.php\/wp-json\/wp\/v2\/media?parent=1877"}],"wp:term":[{"taxonomy":"product_cat","embeddable":true,"href":"https:\/\/www.clean-protec.eu\/index.php\/wp-json\/wp\/v2\/product_cat?post=1877"},{"taxonomy":"product_tag","embeddable":true,"href":"https:\/\/www.clean-protec.eu\/index.php\/wp-json\/wp\/v2\/product_tag?post=1877"}],"curies":[{"name":"wp","href":"https:\/\/api.w.org\/{rel}","templated":true}]}}