{"id":2364,"date":"2020-12-15T00:47:38","date_gmt":"2020-12-14T23:47:38","guid":{"rendered":"https:\/\/clean-protec.eu\/?post_type=product&#038;p=2364"},"modified":"2020-12-15T00:47:39","modified_gmt":"2020-12-14T23:47:39","slug":"loxymetre-de-pouls-fs20-c","status":"publish","type":"product","link":"https:\/\/www.clean-protec.eu\/index.php\/produit\/loxymetre-de-pouls-fs20-c\/","title":{"rendered":"L&rsquo;oxym\u00e8tre de pouls FS20-C"},"content":{"rendered":"<div class=\"box-collateral\">\n<div class=\"short-description\">\n<div class=\"std\">\n<p>L\u2019oxym\u00e8tre de pouls FS20C permet la mesure ponctuelle de la saturation d\u2019oxyg\u00e8ne en h\u00e9moglobine art\u00e9rielle de vos patients. Au bout de quelques secondes, les r\u00e9sultats du SPO2 et de la fr\u00e9quence du pouls sont obtenus.<\/p>\n<p>Compact, portable et simple \u00e0 utiliser, il est destin\u00e9 \u00e0 une utilisation sur l\u2019adulte.<\/p>\n<p>Placez le FS-20 C sur un doigt, en quelques secondes les mesures de la SPO2 et de la fr\u00e9quence du pouls sont affich\u00e9es.<\/p>\n<p>Apr\u00e8s 8 secondes apr\u00e8s avoir retir\u00e9 le doigt, l\u2019oxym\u00e8tre de pouls FS-20 C s\u2019\u00e9teint automatiquement.<\/p>\n<\/div>\n<\/div>\n<\/div>\n<div class=\"clear-both\"><\/div>\n<div class=\"box-collateral\">\n<div class=\"long-description\">\n<div class=\"std\">\n<h4><strong>Caract\u00e9ristiques techniques\u00a0:<\/strong><\/h4>\n<ul>\n<li><b>SpO2<\/b><\/li>\n<\/ul>\n<p>Plage de mesure\u00a0: 70 \u00e0\u00a0 99 % + 2 digits<\/p>\n<p>0% \u00e0 69% non sp\u00e9cifi\u00e9<\/p>\n<p>R\u00e9solution\u00a0: 1%<\/p>\n<p>Fr\u00e9quence d&rsquo;acquisition\u00a0: 1 seconde<\/p>\n<p>Temps moyen\u00a0: 8 secondes<\/p>\n<ul>\n<li><b>Fr\u00e9quence de pouls<\/b><\/li>\n<\/ul>\n<p>Plage de mesure\u00a0: 25 \u00e0 250 + 3 digits<\/p>\n<p>R\u00e9solution\u00a0: 1 bpm<\/p>\n<p>Fr\u00e9quence d&rsquo;acquisition\u00a0: 1 seconde<\/p>\n<p>Temps moyen\u00a0: 8 secondes<\/p>\n<ul>\n<li><b>Alimentation\u00a0<\/b><\/li>\n<\/ul>\n<p>Piles alcalines\u00a0: 2 AAA<\/p>\n<p>Consommation\u00a0: 30 mA<\/p>\n<p>Dur\u00e9e de vie des piles\u00a0: 600 mesures ponctuelles avec 2 piles neuves \u00e0 une temp\u00e9rature ambiante de 25 \u00b0C<\/p>\n<\/div>\n<\/div>\n<\/div>\n","protected":false},"excerpt":{"rendered":"<p>L\u2019oxym\u00e8tre de pouls FS20C permet la mesure ponctuelle de la saturation d\u2019oxyg\u00e8ne en h\u00e9moglobine art\u00e9rielle de vos patients. Au bout de quelques secondes, les r\u00e9sultats du SPO2 et de la<\/p>\n","protected":false},"featured_media":0,"comment_status":"open","ping_status":"closed","template":"","meta":[],"product_cat":[40],"product_tag":[],"yoast_head":"<!-- This site is optimized with the Yoast SEO plugin v21.1 - https:\/\/yoast.com\/wordpress\/plugins\/seo\/ -->\n<title>L&#039;oxym\u00e8tre de pouls FS20-C &ndash; CLEAN PROTEC<\/title>\n<meta name=\"description\" content=\"L\u2019oxym\u00e8tre permet de mesurer la quantit\u00e9 d\u2019oxyg\u00e8ne dont le sang est satur\u00e9. Cette mesure permet de surveiller l\u2019\u00e9tat des patients.\" \/>\n<meta name=\"robots\" content=\"index, follow, max-snippet:-1, max-image-preview:large, max-video-preview:-1\" \/>\n<link rel=\"canonical\" href=\"https:\/\/www.clean-protec.eu\/index.php\/produit\/loxymetre-de-pouls-fs20-c\/\" \/>\n<meta property=\"og:locale\" content=\"fr_FR\" \/>\n<meta property=\"og:type\" content=\"article\" \/>\n<meta property=\"og:title\" content=\"L&#039;oxym\u00e8tre de pouls FS20-C &ndash; CLEAN PROTEC\" \/>\n<meta property=\"og:description\" content=\"L\u2019oxym\u00e8tre permet de mesurer la quantit\u00e9 d\u2019oxyg\u00e8ne dont le sang est satur\u00e9. Cette mesure permet de surveiller l\u2019\u00e9tat des patients.\" \/>\n<meta property=\"og:url\" content=\"https:\/\/www.clean-protec.eu\/index.php\/produit\/loxymetre-de-pouls-fs20-c\/\" \/>\n<meta property=\"og:site_name\" content=\"CLEAN PROTEC\" \/>\n<meta property=\"article:publisher\" content=\"https:\/\/www.facebook.com\/114202367035261\/posts\/128364112285753\/?d=n&amp;amp%3bamp%3bamp%3bamp%3bamp%3bamp%3bamp%3bamp%3bamp%3bamp%3bsubstory_index=2\" \/>\n<meta property=\"article:modified_time\" content=\"2020-12-14T23:47:39+00:00\" \/>\n<meta name=\"twitter:card\" content=\"summary_large_image\" \/>\n<meta name=\"twitter:label1\" content=\"Dur\u00e9e de lecture estim\u00e9e\" \/>\n\t<meta name=\"twitter:data1\" content=\"1 minute\" \/>\n<script type=\"application\/ld+json\" class=\"yoast-schema-graph\">{\"@context\":\"https:\/\/schema.org\",\"@graph\":[{\"@type\":\"WebPage\",\"@id\":\"https:\/\/www.clean-protec.eu\/index.php\/produit\/loxymetre-de-pouls-fs20-c\/\",\"url\":\"https:\/\/www.clean-protec.eu\/index.php\/produit\/loxymetre-de-pouls-fs20-c\/\",\"name\":\"L'oxym\u00e8tre de pouls FS20-C &ndash; CLEAN PROTEC\",\"isPartOf\":{\"@id\":\"https:\/\/www.clean-protec.eu\/#website\"},\"datePublished\":\"2020-12-14T23:47:38+00:00\",\"dateModified\":\"2020-12-14T23:47:39+00:00\",\"description\":\"L\u2019oxym\u00e8tre permet de mesurer la quantit\u00e9 d\u2019oxyg\u00e8ne dont le sang est satur\u00e9. Cette mesure permet de surveiller l\u2019\u00e9tat des patients.\",\"breadcrumb\":{\"@id\":\"https:\/\/www.clean-protec.eu\/index.php\/produit\/loxymetre-de-pouls-fs20-c\/#breadcrumb\"},\"inLanguage\":\"fr-FR\",\"potentialAction\":[{\"@type\":\"ReadAction\",\"target\":[\"https:\/\/www.clean-protec.eu\/index.php\/produit\/loxymetre-de-pouls-fs20-c\/\"]}]},{\"@type\":\"BreadcrumbList\",\"@id\":\"https:\/\/www.clean-protec.eu\/index.php\/produit\/loxymetre-de-pouls-fs20-c\/#breadcrumb\",\"itemListElement\":[{\"@type\":\"ListItem\",\"position\":1,\"name\":\"Accueil\",\"item\":\"https:\/\/www.clean-protec.eu\/\"},{\"@type\":\"ListItem\",\"position\":2,\"name\":\"Boutique Medical\",\"item\":\"https:\/\/www.clean-protec.eu\/index.php\/shop-2\/\"},{\"@type\":\"ListItem\",\"position\":3,\"name\":\"L&rsquo;oxym\u00e8tre de pouls FS20-C\"}]},{\"@type\":\"WebSite\",\"@id\":\"https:\/\/www.clean-protec.eu\/#website\",\"url\":\"https:\/\/www.clean-protec.eu\/\",\"name\":\"Clean Protec\",\"description\":\"CLEAN PROTEC est sp\u00e9cialis\u00e9 dans la vente d&#039;\u00e9quipements de protections individuelles et de m\u00e9dicaux en France\",\"publisher\":{\"@id\":\"https:\/\/www.clean-protec.eu\/#organization\"},\"potentialAction\":[{\"@type\":\"SearchAction\",\"target\":{\"@type\":\"EntryPoint\",\"urlTemplate\":\"https:\/\/www.clean-protec.eu\/?s={search_term_string}\"},\"query-input\":\"required name=search_term_string\"}],\"inLanguage\":\"fr-FR\"},{\"@type\":\"Organization\",\"@id\":\"https:\/\/www.clean-protec.eu\/#organization\",\"name\":\"Clean Protec\",\"url\":\"https:\/\/www.clean-protec.eu\/\",\"logo\":{\"@type\":\"ImageObject\",\"inLanguage\":\"fr-FR\",\"@id\":\"https:\/\/www.clean-protec.eu\/#\/schema\/logo\/image\/\",\"url\":\"https:\/\/www.clean-protec.eu\/wp-content\/uploads\/2020\/05\/logo_clean_protec1.png\",\"contentUrl\":\"https:\/\/www.clean-protec.eu\/wp-content\/uploads\/2020\/05\/logo_clean_protec1.png\",\"width\":354,\"height\":275,\"caption\":\"Clean Protec\"},\"image\":{\"@id\":\"https:\/\/www.clean-protec.eu\/#\/schema\/logo\/image\/\"},\"sameAs\":[\"https:\/\/www.facebook.com\/114202367035261\/posts\/128364112285753\/?d=n&amp;amp;amp;amp;amp;amp;amp;amp;amp;amp;substory_index=2\"]}]}<\/script>\n<!-- \/ Yoast SEO plugin. -->","yoast_head_json":{"title":"L'oxym\u00e8tre de pouls FS20-C &ndash; CLEAN PROTEC","description":"L\u2019oxym\u00e8tre permet de mesurer la quantit\u00e9 d\u2019oxyg\u00e8ne dont le sang est satur\u00e9. Cette mesure permet de surveiller l\u2019\u00e9tat des patients.","robots":{"index":"index","follow":"follow","max-snippet":"max-snippet:-1","max-image-preview":"max-image-preview:large","max-video-preview":"max-video-preview:-1"},"canonical":"https:\/\/www.clean-protec.eu\/index.php\/produit\/loxymetre-de-pouls-fs20-c\/","og_locale":"fr_FR","og_type":"article","og_title":"L'oxym\u00e8tre de pouls FS20-C &ndash; CLEAN PROTEC","og_description":"L\u2019oxym\u00e8tre permet de mesurer la quantit\u00e9 d\u2019oxyg\u00e8ne dont le sang est satur\u00e9. Cette mesure permet de surveiller l\u2019\u00e9tat des patients.","og_url":"https:\/\/www.clean-protec.eu\/index.php\/produit\/loxymetre-de-pouls-fs20-c\/","og_site_name":"CLEAN PROTEC","article_publisher":"https:\/\/www.facebook.com\/114202367035261\/posts\/128364112285753\/?d=n&amp%3bamp%3bamp%3bamp%3bamp%3bamp%3bamp%3bamp%3bamp%3bamp%3bsubstory_index=2","article_modified_time":"2020-12-14T23:47:39+00:00","twitter_card":"summary_large_image","twitter_misc":{"Dur\u00e9e de lecture estim\u00e9e":"1 minute"},"schema":{"@context":"https:\/\/schema.org","@graph":[{"@type":"WebPage","@id":"https:\/\/www.clean-protec.eu\/index.php\/produit\/loxymetre-de-pouls-fs20-c\/","url":"https:\/\/www.clean-protec.eu\/index.php\/produit\/loxymetre-de-pouls-fs20-c\/","name":"L'oxym\u00e8tre de pouls FS20-C &ndash; CLEAN PROTEC","isPartOf":{"@id":"https:\/\/www.clean-protec.eu\/#website"},"datePublished":"2020-12-14T23:47:38+00:00","dateModified":"2020-12-14T23:47:39+00:00","description":"L\u2019oxym\u00e8tre permet de mesurer la quantit\u00e9 d\u2019oxyg\u00e8ne dont le sang est satur\u00e9. Cette mesure permet de surveiller l\u2019\u00e9tat des patients.","breadcrumb":{"@id":"https:\/\/www.clean-protec.eu\/index.php\/produit\/loxymetre-de-pouls-fs20-c\/#breadcrumb"},"inLanguage":"fr-FR","potentialAction":[{"@type":"ReadAction","target":["https:\/\/www.clean-protec.eu\/index.php\/produit\/loxymetre-de-pouls-fs20-c\/"]}]},{"@type":"BreadcrumbList","@id":"https:\/\/www.clean-protec.eu\/index.php\/produit\/loxymetre-de-pouls-fs20-c\/#breadcrumb","itemListElement":[{"@type":"ListItem","position":1,"name":"Accueil","item":"https:\/\/www.clean-protec.eu\/"},{"@type":"ListItem","position":2,"name":"Boutique Medical","item":"https:\/\/www.clean-protec.eu\/index.php\/shop-2\/"},{"@type":"ListItem","position":3,"name":"L&rsquo;oxym\u00e8tre de pouls FS20-C"}]},{"@type":"WebSite","@id":"https:\/\/www.clean-protec.eu\/#website","url":"https:\/\/www.clean-protec.eu\/","name":"Clean Protec","description":"CLEAN PROTEC est sp\u00e9cialis\u00e9 dans la vente d&#039;\u00e9quipements de protections individuelles et de m\u00e9dicaux en France","publisher":{"@id":"https:\/\/www.clean-protec.eu\/#organization"},"potentialAction":[{"@type":"SearchAction","target":{"@type":"EntryPoint","urlTemplate":"https:\/\/www.clean-protec.eu\/?s={search_term_string}"},"query-input":"required name=search_term_string"}],"inLanguage":"fr-FR"},{"@type":"Organization","@id":"https:\/\/www.clean-protec.eu\/#organization","name":"Clean Protec","url":"https:\/\/www.clean-protec.eu\/","logo":{"@type":"ImageObject","inLanguage":"fr-FR","@id":"https:\/\/www.clean-protec.eu\/#\/schema\/logo\/image\/","url":"https:\/\/www.clean-protec.eu\/wp-content\/uploads\/2020\/05\/logo_clean_protec1.png","contentUrl":"https:\/\/www.clean-protec.eu\/wp-content\/uploads\/2020\/05\/logo_clean_protec1.png","width":354,"height":275,"caption":"Clean Protec"},"image":{"@id":"https:\/\/www.clean-protec.eu\/#\/schema\/logo\/image\/"},"sameAs":["https:\/\/www.facebook.com\/114202367035261\/posts\/128364112285753\/?d=n&amp;amp;amp;amp;amp;amp;amp;amp;amp;amp;substory_index=2"]}]}},"_links":{"self":[{"href":"https:\/\/www.clean-protec.eu\/index.php\/wp-json\/wp\/v2\/product\/2364"}],"collection":[{"href":"https:\/\/www.clean-protec.eu\/index.php\/wp-json\/wp\/v2\/product"}],"about":[{"href":"https:\/\/www.clean-protec.eu\/index.php\/wp-json\/wp\/v2\/types\/product"}],"replies":[{"embeddable":true,"href":"https:\/\/www.clean-protec.eu\/index.php\/wp-json\/wp\/v2\/comments?post=2364"}],"wp:attachment":[{"href":"https:\/\/www.clean-protec.eu\/index.php\/wp-json\/wp\/v2\/media?parent=2364"}],"wp:term":[{"taxonomy":"product_cat","embeddable":true,"href":"https:\/\/www.clean-protec.eu\/index.php\/wp-json\/wp\/v2\/product_cat?post=2364"},{"taxonomy":"product_tag","embeddable":true,"href":"https:\/\/www.clean-protec.eu\/index.php\/wp-json\/wp\/v2\/product_tag?post=2364"}],"curies":[{"name":"wp","href":"https:\/\/api.w.org\/{rel}","templated":true}]}}